sor of 8897 and w?
217
Let w be (-2)/(-8 - -6)*458. Suppose -w = -3*p - i, -3*i = 4*p - 7*p + 462. What is the highest common divisor of 9 and p?
9
Suppose -6*o + 20 = -4. Suppose -5*f - 4*p - 16 = -132, o*f - 4*p = 100. Calculate the highest common divisor of 16 and f.
8
Let h(u) = u**3 - 21*u**2 + 22. Let p be h(21). Let j be (5 + 17)*19 + 0. What is the greatest common factor of p and j?
22
Suppose 5*p - 140 + 17 = 3*y, 0 = 3*p + 2*y - 89. Let h be (-12)/(-6) + (-240)/(-1). Suppose -z + h = 26. Calculate the highest common divisor of p and z.
27
Suppose 260 = o + 2*d, -24*o + 22*o = -2*d - 508. Calculate the highest common factor of 192 and o.
64
Let i = 39 + -28. Let k(b) = 14 - 7*b - 16*b**2 - b**3 + 9 + 5*b + 0*b**3. Let p be k(-16). Calculate the highest common factor of i and p.
11
Let j(b) = b**3 - 10*b**2 + 36*b - 6. Let x be j(7). Let l = x - 57. What is the highest common divisor of l and 336?
42
Suppose 329 = 9*k + 62*k - 3079. Calculate the highest common divisor of k and 13792.
16
Let d = -14 + 18. Suppose 0 = 3*k - 4*k + d. Suppose -3 = k*m - m - 3*z, 4*m - 5*z + 9 = 0. Calculate the greatest common divisor of m and 8.
4
Suppose 26*w + 8*w = -3094. Let g = 209 + -105. Let k = w + g. Calculate the highest common divisor of 117 and k.
13
Suppose -106 = -c - c + 2*l, 0 = 5*c - l - 265. Suppose -c*i + 2160 = -44*i. What is the greatest common divisor of 15 and i?
15
Let w = 44 + 6. Let b(c) = -8*c**2 - 634*c + 605. Let p be b(-80). Calculate the greatest common factor of p and w.
25
Let i(z) be the second derivative of z**4/12 + 2*z**3 + 29*z**2/2 - 17*z + 2. Let p be i(-11). What is the highest common factor of 30 and p?
6
Let b be (-1 + 195/(-25))*-10. Let c be b/10*(3 - 13). Let v = c - -124. Calculate the highest common divisor of v and 12.
12
Let f = 413 - 155. Suppose -18*k = -534 - f. Calculate the greatest common divisor of k and 11.
11
Suppose 1616*l + 1332 = 1653*l. Suppose -1 - 3 = -b. Suppose 0 = -b*a + 120 + 96. What is the highest common factor of a and l?
18
Suppose -18*m + 136 + 782 = 0. What is the greatest common divisor of m and 102?
51
Suppose 0 = -37382*v + 37388*v - 444. What is the highest common divisor of 55870 and v?
74
Let h be -51*(-5 - (4 - ((-7)/(-3) - -2))). What is the greatest common factor of 2108 and h?
34
Let q(l) = -4*l**3 - 3*l**2 + 26*l + 73. Let z be q(-4). Calculate the greatest common factor of z and 413.
59
Let w(p) = -2*p + 4. Let g be w(3). Let h be ((-120)/(-28) - 4)/(g/(-28)). What is the highest common factor of h and 3?
1
Suppose -18*n + 6144 + 156 = 0. Suppose -n = -6*q + 352. What is the greatest common factor of 13 and q?
13
Let i be -7*1 + (129 - 86). Calculate the greatest common divisor of i and 492.
12
Suppose 0 = -u - p + 1252, 4*p - 1688 = -3*u + 2072. What is the greatest common factor of 858 and u?
78
Let s be 1995/38*(1 + -11)*-3. What is the highest common divisor of s and 63?
63
Let r be 1 + 1 - 10 - -71*(8 + -7). Calculate the greatest common divisor of r and 553.
7
Let n(a) = 14*a**3 + a**2 - 3*a + 2. Let w be n(1). Let h = 17 - w. Suppose 3*d + 0*p - 13 = p, -14 = d - 4*p. Calculate the highest common divisor of d and h.
3
Suppose 3*r = 3*l - 267, 2*l + 6*r - 193 = 11*r. Let a(u) = -10*u + 3. Let b be a(-6). Let t be 2282/b + (-4)/18. What is the highest common divisor of l and t?
12
Suppose 0*s - 3*s + 75 = 3*l, 2*s = 2*l + 38. Suppose -s = -227*b + 226*b. Calculate the highest common factor of b and 88.
22
Let f be (140/10 - -79) + 12. Calculate the highest common factor of 252 and f.
21
Let i be 2/6 - 82/(-123). Suppose 0 = -s + 57 + i. What is the highest common factor of s and 754?
58
Suppose -4*t + x + 28 = 0, t + 32 = -5*x - 3. What is the highest common divisor of t and 2855?
5
Suppose -3*c + 55 = 5*y - 177, 0 = -4*y + 4*c + 160. What is the greatest common factor of y and 10604?
44
Suppose -5*n - 20 = -3*h, -5*h + 10*h + 3*n - 22 = 0. Suppose 0*p - 5*p = 0, 0 = 3*y - h*p - 6. Calculate the greatest common divisor of 2 and y.
2
Suppose -41*j + 412 + 3483 = 0. Calculate the highest common divisor of 817 and j.
19
Suppose -2*n + 1021 = -35*q + 36*q, -4*n = 5*q - 2045. What is the highest common divisor of n and 110?
10
Let n = -8546 - -8868. Calculate the highest common factor of n and 203.
7
Suppose -3*x - x + 44 = 5*z, -4*x - 52 = -3*z. Let s be (-240)/(-45)*z/2. What is the greatest common divisor of s and 40?
8
Suppose -n = -x + 415, -3*x - 3*n + 1249 = -4*n. Suppose 0 = -4*a + 163 + x. Let o = 44 + 14. What is the greatest common divisor of a and o?
29
Let v(i) = 14*i - 2. Let z be v(2). Suppose -36*u - 1055 + 2459 = 0. Calculate the highest common factor of u and z.
13
Let g be -64 + 62 + 31 + -1. Calculate the greatest common factor of g and 644.
28
Let a(t) = 65*t**2 + 306*t - 613. Let b be a(2). What is the highest common divisor of 5143 and b?
37
Let t = 23500 + -23300. What is the greatest common factor of t and 5880?
40
Let a be 2/(4/215)*(22 - -40). Let b be a/172 + (-3)/4. What is the greatest common divisor of 152 and b?
38
Suppose 0 = 2*p - 6 - 12. Suppose 0*i - p = -3*i. Suppose -i*k - 2 + 44 = 0. What is the highest common divisor of k and 98?
14
Let o be (-9 + 3)/(9/24). Let l be o*(51/(-12) + 8/2). Calculate the greatest common factor of 108 and l.
4
Suppose 0 = -5*f - 35, s = -3*f + 37 + 53. Calculate the highest common factor of s and 2627.
37
Let g = 572 - 573. Let h(d) be the first derivative of -d**2 + 3*d - 4. Let m be h(g). Calculate the highest common divisor of 15 and m.
5
Suppose 3*h = 5*u - u - 30, 0 = u - 3*h - 12. Suppose -21*f + 20*f = -u. Suppose f*s = -9 + 87. Calculate the greatest common divisor of 104 and s.
13
Let z = 3 - -6. Suppose 42*h - 28*h = 0. Let q be (0 - (-57 + -2)) + (4 - h). What is the highest common factor of q and z?
9
Let j(v) = -6*v**2 + 43*v + 13. Let l be j(7). Suppose l*y = -27*y + 2021. Calculate the highest common divisor of y and 1.
1
Let m be 10/6*-3 - (-2 - 101). Suppose 0 = 6*j - 107 - 631. Let d = -81 + j. Calculate the highest common factor of d and m.
14
Suppose -122 = -9*p + 58. Suppose -n + 435 = -p. What is the highest common divisor of 70 and n?
35
Let k = 575 - 555. Suppose 8*x - 6*x - 200 = 0. What is the greatest common factor of k and x?
20
Let c = -600 - -669. Let p be 26 + 1 + (-32)/8. What is the highest common factor of p and c?
23
Let o(b) = 93*b**2 - 2*b + 1. Let l be o(1). Let d(z) = 16*z**2 + 218*z - 15. Let f be d(-14). What is the highest common divisor of f and l?
23
Suppose 0 = -5*a - u + 390, 5*a + 3*u + 0*u = 400. Let z = a - 53. Calculate the greatest common divisor of 104 and z.
8
Suppose 0 = -2*u + 10, -j + 2331 = -u + 2*u. What is the greatest common divisor of 2 and j?
2
Suppose -5*i = 4*h - 1071, -649 = -3*h - 4*i + 155. What is the highest common divisor of h and 9?
3
Let t = 237 - 255. Let b = -3 - t. What is the greatest common divisor of b and 135?
15
Let f = 1708 + -1288. What is the highest common factor of 320 and f?
20
Suppose 3*w + 10*m = 5*m - 1, w - 5*m = 33. Let h = -22 - -28. Suppose n + 2*b - h = 0, 2*b - 15 = -2*n + b. Calculate the greatest common factor of n and w.
8
Suppose 0 = -3*l + 363 - 12. Let f be ((-3)/2)/(4*(-12)/224). Suppose -3*h + f*h - 52 = 0. What is the highest common factor of h and l?
13
Suppose -g + 78 = 2*a + 2*g, 152 = 4*a + 5*g. Suppose a*n = 22*n + 1881. What is the greatest common divisor of n and 38?
19
Let b be ((-30)/(-20))/(1*3/366). Let n be (671/66)/(6/((-108)/(-3))). What is the highest common divisor of n and b?
61
Let h(u) = -u**3 + 5*u**2 + 7*u - 8. Let t be h(6). Let y(v) = 129*v - 14. Let n be y(t). Let z = n - -510. Calculate the highest common divisor of z and 34.
34
Suppose 7*f + 101 = -t + 2*f, 0 = 4*t + 2*f + 368. Let g = t + 87. Let r be (6/g)/((18/(-16))/3). Calculate the greatest common factor of 12 and r.
4
Let b(i) = -2*i**2 + 19*i + 11 - 2 + 4*i**2 + 4. Let t be b(-9). What is the greatest common factor of 32 and t?
4
Suppose -4*t - 15*x + 17*x = -196, -3*t + 5*x + 133 = 0. What is the highest common factor of t and 408?
51
Let l be ((-124)/(-12) + -10)*(4 - 1 - -171). Calculate the highest common factor of 32 and l.
2
Let j be (-9)/(-2) - 9*5/(-30). Let m be 2046/36 + 1/j. Let q be -3 - (m/(-3) - -